{"version":"1.0","provider_name":"United Business Luxembourg","provider_url":"https:\/\/united-business.lu\/fr\/","author_name":"digvis","author_url":"https:\/\/united-business.lu\/fr\/author\/digvis\/","title":"United Business Luxembourg - Le leader du futur","type":"rich","width":600,"height":338,"html":"<blockquote class=\"wp-embedded-content\" data-secret=\"TxcbeOFLax\"><a href=\"https:\/\/united-business.lu\/fr\/soiree-thematique-ubl-du-09-novembre-2023\/\">Soir\u00e9e th\u00e9matique UBL du 09 novembre 2023<\/a><\/blockquote><iframe sandbox=\"allow-scripts\" security=\"restricted\" src=\"https:\/\/united-business.lu\/fr\/soiree-thematique-ubl-du-09-novembre-2023\/embed\/#?secret=TxcbeOFLax\" width=\"600\" height=\"338\" title=\"\u00ab\u00a0Soir\u00e9e th\u00e9matique UBL du 09 novembre 2023\u00a0\u00bb &#8212; United Business Luxembourg\" data-secret=\"TxcbeOFLax\" frameborder=\"0\" marginwidth=\"0\" marginheight=\"0\" scrolling=\"no\" class=\"wp-embedded-content\"><\/iframe><script type=\"text\/javascript\">\n\/* <![CDATA[ *\/\n\/*! This file is auto-generated *\/\n!function(d,l){\"use strict\";l.querySelector&&d.addEventListener&&\"undefined\"!=typeof URL&&(d.wp=d.wp||{},d.wp.receiveEmbedMessage||(d.wp.receiveEmbedMessage=function(e){var t=e.data;if((t||t.secret||t.message||t.value)&&!\/[^a-zA-Z0-9]\/.test(t.secret)){for(var s,r,n,a=l.querySelectorAll('iframe[data-secret=\"'+t.secret+'\"]'),o=l.querySelectorAll('blockquote[data-secret=\"'+t.secret+'\"]'),c=new RegExp(\"^https?:$\",\"i\"),i=0;i<o.length;i++)o[i].style.display=\"none\";for(i=0;i<a.length;i++)s=a[i],e.source===s.contentWindow&&(s.removeAttribute(\"style\"),\"height\"===t.message?(1e3<(r=parseInt(t.value,10))?r=1e3:~~r<200&&(r=200),s.height=r):\"link\"===t.message&&(r=new URL(s.getAttribute(\"src\")),n=new URL(t.value),c.test(n.protocol))&&n.host===r.host&&l.activeElement===s&&(d.top.location.href=t.value))}},d.addEventListener(\"message\",d.wp.receiveEmbedMessage,!1),l.addEventListener(\"DOMContentLoaded\",function(){for(var e,t,s=l.querySelectorAll(\"iframe.wp-embedded-content\"),r=0;r<s.length;r++)(t=(e=s[r]).getAttribute(\"data-secret\"))||(t=Math.random().toString(36).substring(2,12),e.src+=\"#?secret=\"+t,e.setAttribute(\"data-secret\",t)),e.contentWindow.postMessage({message:\"ready\",secret:t},\"*\")},!1)))}(window,document);\n\/\/# sourceURL=https:\/\/united-business.lu\/wp-includes\/js\/wp-embed.min.js\n\/* ]]> *\/\n<\/script>\n","thumbnail_url":"https:\/\/united-business.lu\/wp-content\/uploads\/2023\/10\/11062b_072261af1e1d44078a83038698078b52mv2-scaled.jpg","thumbnail_width":2560,"thumbnail_height":1920,"description":"Lors de cette soir\u00e9e destin\u00e9e aux CEO, chefs d'\u00e9quipe et cadres de tous types, Armin Wilding esquisse le profil du \"leader du futur\" et des approches durables en mati\u00e8re de coaching de cadres, qui se basent sur les comp\u00e9tences ou les \"soft skills\" d\u00e9j\u00e0 existantes des cadres dirigeants. Enfin, la soir\u00e9e donne un aper\u00e7u de la mani\u00e8re dont le \"chemin du leader\" peut devenir un chemin de maturation personnelle et humaine, afin que les grandes responsabilit\u00e9s soient finalement port\u00e9es par de grandes personnalit\u00e9s."}

<blockquote class="wp-embedded-content" data-secret="TxcbeOFLax"><a href="https://united-business.lu/fr/soiree-thematique-ubl-du-09-novembre-2023/">Soirée thématique UBL du 09 novembre 2023</a></blockquote><iframe sandbox="allow-scripts" security="restricted" src="https://united-business.lu/fr/soiree-thematique-ubl-du-09-novembre-2023/embed/#?secret=TxcbeOFLax" width="600" height="338" title="« Soirée thématique UBL du 09 novembre 2023 » &#8212; United Business Luxembourg" data-secret="TxcbeOFLax" frameborder="0" marginwidth="0" marginheight="0" scrolling="no" class="wp-embedded-content"></iframe><script type="text/javascript">
/* <![CDATA[ */
/*! This file is auto-generated */
!function(d,l){"use strict";l.querySelector&&d.addEventListener&&"undefined"!=typeof URL&&(d.wp=d.wp||{},d.wp.receiveEmbedMessage||(d.wp.receiveEmbedMessage=function(e){var t=e.data;if((t||t.secret||t.message||t.value)&&!/[^a-zA-Z0-9]/.test(t.secret)){for(var s,r,n,a=l.querySelectorAll('iframe[data-secret="'+t.secret+'"]'),o=l.querySelectorAll('blockquote[data-secret="'+t.secret+'"]'),c=new RegExp("^https?:$","i"),i=0;i<o.length;i++)o[i].style.display="none";for(i=0;i<a.length;i++)s=a[i],e.source===s.contentWindow&&(s.removeAttribute("style"),"height"===t.message?(1e3<(r=parseInt(t.value,10))?r=1e3:~~r<200&&(r=200),s.height=r):"link"===t.message&&(r=new URL(s.getAttribute("src")),n=new URL(t.value),c.test(n.protocol))&&n.host===r.host&&l.activeElement===s&&(d.top.location.href=t.value))}},d.addEventListener("message",d.wp.receiveEmbedMessage,!1),l.addEventListener("DOMContentLoaded",function(){for(var e,t,s=l.querySelectorAll("iframe.wp-embedded-content"),r=0;r<s.length;r++)(t=(e=s[r]).getAttribute("data-secret"))||(t=Math.random().toString(36).substring(2,12),e.src+="#?secret="+t,e.setAttribute("data-secret",t)),e.contentWindow.postMessage({message:"ready",secret:t},"*")},!1)))}(window,document);
//# sourceURL=https://united-business.lu/wp-includes/js/wp-embed.min.js
/* ]]> */
</script>

Lors de cette soirée destinée aux CEO, chefs d'équipe et cadres de tous types, Armin Wilding esquisse le profil du "leader du futur" et des approches durables en matière de coaching de cadres, qui se basent sur les compétences ou les "soft skills" déjà existantes des cadres dirigeants. Enfin, la soirée donne un aperçu de la manière dont le "chemin du leader" peut devenir un chemin de maturation personnelle et humaine, afin que les grandes responsabilités soient finalement portées par de grandes personnalités.
